. List the prime factors of (m - 1)/(2 + (-229)/114).
2, 3, 19
Let h(u) = -647*u + 73. List the prime factors of h(-11).
2, 5, 719
Suppose 5*l = -3*r + 281351, -23*l = -26*l + 2*r + 168784. What are the prime factors of l?
2, 7, 4019
Suppose 0 = 12*v - 116933 + 26309. List the prime factors of v.
2, 59
Let k(f) = 2*f + 0*f - 4*f + 21*f**2 + 1542 - 353 - 15*f**2. What are the prime factors of k(0)?
29, 41
Suppose 15 = -r + 6*r, 5*r = a - 997. Suppose -4*f + 15*f = a. What are the prime factors of f?
2, 23
Let k be -4 - 6/(-9)*72/4. What are the prime factors of (-100)/k*(-3 + 347/(-5))?
5, 181
Let p be ((-10)/(-4))/(-5) + (-114)/(-4). Suppose 2*h - p = -0*h. Let v = 45 + h. List the prime factors of v.
59
Suppose -24*y + 98795 - 39280 = -233357. What are the prime factors of y?
12203
Suppose 0 = -3*r + r - 3*t - 10, 4*r - 2*t + 20 = 0. Let z = -8 - r. What are the prime factors of (-1)/2 + (z - 1225/(-14))?
2, 3, 7
Let w = -3212 + 5069. List the prime factors of w.
3, 619
Suppose -4*x + 3*j = 5*j, j - 12 = 4*x. Let r(u) be the second derivative of 3*u**4/4 - 3*u**3 - u**2/2 + 75*u. List the prime factors of r(x).
71
Suppose 13*w - 5*n - 3069 = 17*w, 3*w = -5*n - 2308. Let v = -106 - w. List the prime factors of v.
5, 131
Suppose 115*i - 89*i - 107354 = 0. What are the prime factors of i?
4129
Let r = -126 + 68. Let o = r - 10. Let q = o - -160. List the prime factors of q.
2, 23
Suppose -3*n + 6*n = a, 2*a - 2*n = 4. List the prime factors of 1/(a + (-32464)/10824).
3, 11, 41
Let n(u) = -25*u**3 + 19*u**2 + 71*u - 17. What are the prime factors of n(-7)?
2, 281
Let q = 135 + -127. What are the prime factors of (-3)/(12/(-113)) + q/(-32)?
2, 7
Let a(q) = 1115*q + 180. List the prime factors of a(2).
2, 5, 241
Let u be 18/(-33) + 494/(-143). Let i(d) be the first derivative of -d**4/4 + d**3 + 5*d**2/2 - d - 3. List the prime factors of i(u).
7, 13
Let s(p) = -91*p - 5. Let w(c) = -c**2 - 10*c - 29. Let v be w(-7). List the prime factors of s(v).
3, 241
Let i be 16/(-20)*(-45)/6. What are the prime factors of i/36*-2 - (-1220)/6?
7, 29
Let l = 44609 + 5576. What are the prime factors of l?
5, 10037
Let u be ((-1)/3)/(12/(-9756)). Suppose 3*y - 1681 + u = 0. List the prime factors of y.
2, 5, 47
Let c be (4/8)/(((-7)/12)/7). Let f = -3 - c. Suppose 123 = 4*u + 3*m - 2*m, f*u + 2*m = 96. List the prime factors of u.
2, 3, 5
List the prime factors of (-18)/10*1*(-39560)/8.
3, 23, 43
Suppose -92730 - 2502 = -16*t. What are the prime factors of t?
2, 3, 31
Let d = 234 + 1317. Let g = d - 928. What are the prime factors of g?
7, 89
Suppose -7*y + 4*t + 4 = -3*y, y + 5*t - 25 = 0. Suppose 0*v - 2*v - y*u + 756 = 0, -u = 4*v - 1494. What are the prime factors of v?
373
Let d(p) = p**3 + p**2 - p + 2. Let w = -39 + 39. Let a be d(w). Suppose u + x = a*x + 39, 0 = -3*x. What are the prime factors of u?
3, 13
What are the prime factors of (1 - ((-78236)/(-2))/2)/((-544)/272)?
7, 11, 127
Suppose 2*k = -5*v + 948, -4*k = 2*v - 3*v + 194. Let i = 67 + v. What are the prime factors of i?
257
Suppose 0 = -8*k + 58 - 10. What are the prime factors of (0 - (-38)/k)/((-142)/(-6816))?
2, 19
Suppose -8*m - 1953 = -15*m. Suppose -5*k + 746 - 80 = -3*i, 0 = 2*k + 3*i - m. List the prime factors of k.
3, 5
Let j be ((-20)/(-25))/(2/(-5)*-1). Let o(v) = 17*v**j - 90 + 3*v**2 + 91 + 2*v + 0*v. List the prime factors of o(-1).
19
Let n = 19 - -33. Let d = 1 - -403. Suppose d - n = 4*u. List the prime factors of u.
2, 11
Suppose 0 = -4*l - b + 18012, 7*l + 54036 = 19*l + 5*b. List the prime factors of l.
3, 19, 79
Let n be (33 - 6)/((-1)/((-4)/6)). Let y be 45/n*(0 + 144). Suppose 308 + y = 4*j. List the prime factors of j.
167
Let c(l) = 476*l**3 - 3*l**2 + 2*l - 2. Let v(y) = 714*y**3 - 4*y**2 + 3*y - 3. Let j(i) = 7*c(i) - 5*v(i). List the prime factors of j(-1).
239
Suppose -4*k = -4*y - 17496, 3*k - 128*y - 13122 = -132*y. What are the prime factors of k?
2, 3
Let w be 2*-1 - 281 - (-11 - -7). Let t = 438 + w. List the prime factors of t.
3, 53
Let g(l) be the first derivative of -l**4/12 + 8*l**3/3 - 13*l**2/2 + 16. Let j(o) be the second derivative of g(o). List the prime factors of j(6).
2
Let y(p) = 14814*p - 8*p**2 + 47 - 10*p**2 - p**3 - 14804*p. What are the prime factors of y(-19)?
2, 109
Let t(q) = q**2 - 18*q + 37. Let k be t(20). Let m = 171 - k. List the prime factors of m.
2, 47
Let q = -17956 - -45392. What are the prime factors of q?
2, 19
Suppose -8964 = -2*z + 8*r - 5*r, 8980 = 2*z + 5*r. What are the prime factors of z?
3, 5, 13, 23
Let s(a) = -a**3 - 17*a**2 - 17*a - 22. Let r be s(-16). Let y = -3 - r. List the prime factors of 522/(-54)*-1*y.
29
Let f(p) = p**3 - 5*p**2 - 6*p + 80. Let h(a) = -a**3 - 34*a**2 + 32*a - 95. Let r be h(-35). List the prime factors of f(r).
2, 5, 13
Let w = -22168 + 31754. List the prime factors of w.
2, 4793
Suppose -3*m = -2*w, -2*w + 9 = -5*w. Let i(x) = -5*x - 3*x + 1 + x. List the prime factors of i(m).
3, 5
Suppose -428*n - 304382 = -454*n. What are the prime factors of n?
23, 509
Let l(w) = 2*w**2 + 22*w - 12. Let v be l(-12). List the prime factors of (-1649)/(-6) - v/(-72).
5, 11
Let l = -63260 + 109770. List the prime factors of l.
2, 5, 4651
Let q(j) = -4*j. Let g be q(-6). Let s be ((-16)/g)/(1/(-3)). Suppose s*k - 15 = 7. What are the prime factors of k?
11
Suppose k + 37 = 47. Let n(a) = -3*a**3 - a**2 + 2*a + 2. Let w(y) = 5*y**3 + 2*y**2 - 4*y - 4. Let o(c) = k*n(c) + 4*w(c). List the prime factors of o(-2).
2, 17
Let i(t) = -6*t**3 - 6*t - 4. Let k be i(-2). Suppose -6*a + 2*a = -k. Suppose s = 70 - a. List the prime factors of s.
2, 7
Let n = 48586 + -12712. List the prime factors of n.
2, 3, 1993
What are the prime factors of ((-2)/(-7))/(((-4)/(-663236))/((-1)/(-2)))?
23687
Let b(r) = -6*r**3 - r**2 - 2*r + 12. Let o(d) = 2*d + 49. Let c be o(-26). List the prime factors of b(c).
3, 19
Let a(h) = -h**3 + 7*h**2 + 10*h + 2. Let l be a(-1). Let r(q) = -q**2 - 3*q + 590. What are the prime factors of r(l)?
2, 5, 59
Let x be ((-6)/4)/(2/6944*-12). Let f = x - 255. What are the prime factors of f?
179
Suppose 57*w - 56*w - 49942 = -4*a, -5*w + 37465 = 3*a. List the prime factors of a.
5, 11, 227
Let q(z) = 4*z**3 + 2*z + 669. Suppose -77 = -2*t - 77. What are the prime factors of q(t)?
3, 223
Let u = 58 + -44. Suppose -2 = -6*b - u. What are the prime factors of b/(-2 - (-1 - 278/282))?
3, 47
Suppose -750 = -u - 4*u. Suppose 2*w = 2*d + u, -w - 3*d + 14 = -49. List the prime factors of w.
2, 3
Let o be 2 - (-5 - -3) - 213. What are the prime factors of (-2 + 3)/1 + (-7 - o)?
7, 29
Let v = -723 - -723. Suppose 9*w - 5574 - 5838 = v. What are the prime factors of w?
2, 317
Let u(x) = 200*x**2 - x + 1. Let d be u(1). Suppose 21*t - 20*t = -d. Let l = -135 - t. List the prime factors of l.
5, 13
Suppose -16*t - 7 = 57. Let v(o) = 9*o**2 + 6*o + 19 - 3*o + 5*o. What are the prime factors of v(t)?
131
Let i = -85 + 150. Let z = i + -65. Suppose z = -d - 4*d + 455. List the prime factors of d.
7, 13
Let g be ((-36)/30)/(3/(-10)). Suppose -12334 = -g*b - 10*b. What are the prime factors of b?
881
Let c = -80 + 84. Suppose -3*i - b = c*b - 7245, -i = -4*b - 2415. Suppose -5*v - 10*v + i = 0. List the prime factors of v.
7, 23
Let i(y) = -106*y**3 - 1. Let o be i(-2). Let u be (-138)/(-21) - (-15)/35. List the prime factors of 4 + -3 + o/u.
2, 61
Let j(g) = -32*g**3 + 5*g**2 + 28*g + 82. Let n(u) = 16*u**3 - 2*u**2 - 13*u - 41. Let p(b) = -4*j(b) - 9*n(b). List the prime factors of p(-4).
1013
Suppose -5*d = -19 - 1. Let s = d - 1. Suppose -375 = -8*o + s*o. What are the prime factors of o?
3, 5
Let q be ((-2)/1)/(-2) - 1. Suppose q = -4*r + r - 27. Let l(m) = -5*m - 1. What are the prime factors of l(r)?
2, 11
Let t = 163 - 158. Suppose -t*b - 19 + 149 = 0. List the prime factors of b.
2, 13
Let p(t) = -t**3 - t**2 + t - 15. Suppose -5*q + 390 = -5*m, -2*q + 2*m + 144 = 4*m. Let f = -80 + q. List the prime factors of p(f).
2, 5
Suppose 24 = z + 7*z. Suppose z*j + 3*t = 900, j - 310 = -2*t - t. List the prime factors of j.
5, 59
Suppose -4*j = 763 + 569. Let o = 1 - j. List the prime factors of o.
2, 167
Suppose 70 - 9 = 5*r - 4*p, 3*p - 3 = 0. Suppose 4*y = -r*y + 12903. What are the prime factors of y?
3, 11